mine q(10).
2
Let h = 20 - 15. Let j(o) = -9*o + 15. Let u(q) = -4*q + 7. Let a(t) = -2*j(t) + 5*u(t). Calculate a(h).
-5
Let t(n) = -4*n + 5. Let f(u) = -2*u + 3. Let q(r) = -7*f(r) + 4*t(r). What is q(-6)?
11
Let o(i) = i**3 + i**2. Let w(t) = 4*t**3 + 9*t**2 + 7*t + 4. Let x(q) = -3*o(q) + w(q). Let p = 6 - 4. Suppose 3*h + 5 = p*h. What is x(h)?
-6
Let n(a) = a**2 - a + 3. Suppose j - 9 = -2*j. Determine n(j).
9
Suppose 4*q = 1 + 7. Let c(t) = 1 + 1 + 0 - 6*t - t**q. What is c(-6)?
2
Let v(y) = y**2 + y. Let c(i) = -i + 8. Let a be c(11). Calculate v(a).
6
Let h be (-4)/60*-5 + 16/6. Let i(k) = k - 3. Give i(h).
0
Let d = -3 - -2. Let g(h) be the second derivative of 0 + 0*h**2 + 3*h + 2/3*h**3. What is g(d)?
-4
Let z(s) be the second derivative of 1/12*s**4 + 2*s**2 + 0 - 1/6*s**3 - 1/20*s**5 - 2*s. Calculate z(0).
4
Let t = -1 - 5. Let s = -5 - t. Suppose j + 2 = s. Let z(p) = -6*p - 1. Determine z(j).
5
Let t(v) be the third derivative of v**6/30 + v**5/60 + v**4/24 - v**2. Let h = 160 + -161. What is t(h)?
-4
Let p(k) = -10*k - 3. Let z(b) = -50*b - 14. Let o(j) = -22*p(j) + 4*z(j). Let m(v) = -7*v - 3. Let x(n) = 17*m(n) + 6*o(n). Give x(0).
9
Let t(z) = -z**3 - 6*z**2 - 8*z - 3. Suppose -3*b - 32 = -17. Determine t(b).
12
Let x(i) = 9*i**3 + 5*i**2 - 1 + 8*i**2 + 8*i**2 - 19*i**2. What is x(1)?
10
Let i(b) = -5 - 3*b + 6 - b - b. Let l(f) be the third derivative of f**5/60 + f**4/3 - f**3/6 + 3*f**2. Let a be l(-8). Calculate i(a).
6
Let k(f) = 0 - 3*f**2 - 2 + 2*f**2 + 5*f + 6. Determine k(5).
4
Let a(p) = -p**2 + 397*p - p**3 + 3*p**2 - 398*p. What is a(2)?
-2
Let a(y) be the third derivative of -y**6/60 + y**5/20 - y**4/24 + y**3/6 - 2*y**2. Suppose -q + 4 - 2 = 0. Suppose 2*r + q = 6. Give a(r).
-5
Suppose 6*h - 3*l + 35 = 2*h, 0 = -5*h - 5*l. Let o(b) = b. What is o(h)?
-5
Suppose 0 = -0*d - d + 12. Suppose 13*s - 4 = d*s. Let g(k) = -k**3 + 5*k**2 - 2*k - 3. Give g(s).
5
Let i(c) = 5*c**2 + 452*c - 446*c - c**2 - 5*c**2. Determine i(5).
5
Suppose 2*b = 2*h + 6, -h - h = -b + 5. Let j(p) = p + 0*p - 5*p + b + 0*p. What is j(1)?
-3
Let q(m) = -8*m - 1. Suppose 3*c + 2*i + 3 = 0, 4*i + 4 = 2*c - 6*c. Calculate q(c).
7
Let u(v) = 2*v + 3 - 9 + 5 - 36*v**2. Give u(1).
-35
Let x(c) = -8*c - 10*c + 12*c - 3*c + c**2 - 12. Give x(11).
10
Let o(n) = -n - 1. Let k(w) = -6 + 8*w + 6. Let h be k(1). Suppose 4*r = -3*t - t - h, -3*t = -2*r + 21. Calculate o(r).
-4
Let v(m) = -2*m - 6 + 5 - m**3 + 3*m**2 + 0*m. Let t = 33 - 13. Suppose 2*w - w + 4*g + 5 = 0, 0 = 4*w - 4*g - t. Determine v(w).
-7
Let o(a) = a**3 - 3*a**2 + 3*a - 1. Let q be o(2). Let x(v) = 17*v**2 + 7*v - 7. Let g(t) = 11*t**2 + 5*t - 5. Let s(y) = -7*g(y) + 5*x(y). Give s(q).
8
Suppose j - 3*t = -j + 21, 4*t + 11 = -3*j. Let k(d) = j*d**2 - 2*d + 2*d**3 - 1 + 0 - d**3 + 0*d. Give k(-4).
-9
Let g(r) = -11*r**2 - r. Let y be (-5)/2*(6 + -4). Let d = y - -10. Suppose -7*m + 3*m - 24 = 4*t, 0 = -d*t + 3*m + 10. Give g(t).
-10
Let a(i) = -i**2 - 6*i + 6. Let y = -27 - -24. Let x(w) = -w**3 - 5*w**2 - 5*w - 2. Let u be x(y). What is a(u)?
11
Let b(u) = -4*u**2 + 3*u - 2. Let n(m) = -2*m**2 + 2*m - 1. Let y(i) = 3*b(i) - 5*n(i). Determine y(-3).
-16
Let j be (-1)/2 - (-5)/10. Let w(f) be the second derivative of -f**5/20 - f**4/12 - f**3/6 + f**2/2 - 2*f. What is w(j)?
1
Let y(j) = -j**2 - 5*j + 1. Suppose 3*g + 2*g + 25 = 0. Calculate y(g).
1
Let a(d) = d + 10 - 4*d**2 + 3*d + 2*d - d**3 - 4. Let h = -13 - -8. Determine a(h).
1
Let c = -10 + 12. Let l(w) = -w + 1. What is l(c)?
-1
Let m(l) = l**2 + 5*l - 1. Let x = 5 - 7. Let w be -6 - ((-2 - -2) + x). Determine m(w).
-5
Let g(k) = -k**2 - 5*k - 2. Let a be -3 - (-10 - (3 - 1)). Let s = a + -5. Suppose -2*p + 17 = -s*v + 7, 3*p = -v - 13. Determine g(v).
2
Let a = -6 + 4. Let f be a + 1/(-1) - 2. Let w(v) be the first derivative of -v**4/4 - 5*v**3/3 + v**2 + v + 2. Give w(f).
-9
Let k be (2 - (-20)/(-12))/(1/(-15)). Let c(p) = -p**2 - 2*p + 2. Calculate c(k).
-13
Let u(f) = -4*f**2 - f**3 - 3*f**2 + 5 + 0*f**3. Give u(-7).
5
Let m be 3*-1*(-8)/(-6). Let b(f) = -2*f**3 + 6*f**2 - 2*f + 7. Let r(g) = g**3 - 5*g**2 + 2*g - 6. Let u(n) = -2*b(n) - 3*r(n). Determine u(m).
-4
Let t(c) = 6*c + 21. Let z(r) = -3*r - 11. Let h(m) = -5*t(m) - 9*z(m). Determine h(-5).
9
Let c be (-1)/8 + 10/80. Let w(z) = -z + 6. Determine w(c).
6
Let g = -1 + 6. Let d(c) = -4 + 0 + c**2 - 1 + g*c. Let o = -11 - -6. Determine d(o).
-5
Let i(q) = 9*q**3 + 15*q**2 + 3*q - 8. Let u(j) = -5*j**3 - 8*j**2 - j + 4. Let b(w) = -4*i(w) - 7*u(w). Give b(-4).
24
Let y = -25 + 26. Let b(c) = 11*c - 1 - c - 2*c. What is b(y)?
7
Let k(p) = -p - 1. Let c(j) = 6*j - 8. Let t(f) = -c(f) - 5*k(f). Calculate t(0).
13
Let p(o) = 15*o**2 + 2*o - 5. Let z(k) = 14*k**2 + 2*k - 6. Let f(l) = 7*p(l) - 6*z(l). What is f(-1)?
20
Let y(l) be the second derivative of -l**5/20 - l**4/3 + l**3/3 - 5*l**2/2 + 3*l. Calculate y(-4).
-13
Let u(z) = -13*z**2 - 4*z + 0 + 4 + 2 - z**3 + 7*z**2. Give u(-5).
1
Let s(l) be the first derivative of -l**2/2 + 4*l + 3. Suppose 3*f + 13 = 5*t, t + f = -3 + 12. Calculate s(t).
-1
Let g(v) = 2*v**2 - 8*v - 5. Let a(y) = -5*y**2 + 13*y + 8. Let l(k) = k**2 + k + 1. Let n(c) = a(c) + 2*l(c). Let o(f) = -5*g(f) - 3*n(f). What is o(-5)?
-5
Let t(i) = i**3 - 8*i**2 + i - 1. Let u be t(8). Let y(h) = -h**3 + 6*h**2 + 9*h - 4. Determine y(u).
10
Let r be 3/(-2)*(-10)/15. Let u(b) be the second derivative of 1/6*b**3 + 0*b**2 - 5/6*b**4 + 0 - b. Calculate u(r).
-9
Let g(l) be the second derivative of -l**3/6 - 2*l**2 + 2*l - 19. What is g(-5)?
1
Let l(g) be the first derivative of -g**5/20 + g**4/3 - g**3/3 - 3*g**2/2 + 10*g - 10. Let b(q) be the first derivative of l(q). Give b(3).
0
Let g(c) = c**2. Let q = 6 - 0. Suppose -l = l + q. Calculate g(l).
9
Let q(y) be the second derivative of y**5/20 + 5*y**4/6 + 4*y**3/3 - y**2 + 6*y. Determine q(-9).
7
Let s(i) = -i - 14. Let m be s(-12). Let o(c) = -5*c**2 - 3*c - 1. Determine o(m).
-15
Suppose -9*z - 8 = -7*z. Let x(g) be the second derivative of -1/20*g**5 - 2*g - 1/3*g**4 - g**2 + 0 - 1/3*g**3. Calculate x(z).
6
Let h(t) = -4*t + 7. Let a(k) = k - 2. Let n(m) = 9*a(m) + 2*h(m). Calculate n(3).
-1
Suppose 2*x - 12 = -x. Let a(y) = -2*y - x*y - 4 - 1 + y**2. Determine a(5).
-10
Let a(n) = -n**3 + 7*n**2 - 7*n - 2. Let j = 59 + -54. Determine a(j).
13
Let y(m) be the second derivative of -m**3/6 + m**2 - 54*m. Determine y(3).
-1
Suppose 3*w - 5*i = 26, w + w + 3*i = -8. Let x(f) = w*f - 5*f + f + 3*f + 8. Let y be (0/(-4 + 2))/1. Give x(y).
8
Let n(a) = -6*a + 2*a + 5*a + a - 11. Give n(8).
5
Let a be (-5)/(60/(-6)) - (-11)/2. Let c(q) = -q**2 + 6*q - 1. Determine c(a).
-1
Let k(x) = -x**2 - x - 1. Let w(i) = 2*i**2 - 5*i + 2*i**2 - i**2 - 4*i**2. Let n(y) = -2*k(y) + w(y). Determine n(4).
6
Let c(q) be the second derivative of q**4/12 - q**3/2 - 5*q**2/2 - q. Suppose 0*d - 5*d = -50. Let a = d - 5. Determine c(a).
5
Let v(f) = f**2 + 3*f - 5. Suppose -5 = -4*w + 3*w. Let c = -9 + w. Determine v(c).
-1
Let t(r) be the second derivative of r**4/12 - r**3/6 - 5*r**2/2 + 27*r. Give t(0).
-5
Let h(p) = -3*p**3 - p. Suppose -s = -i, 5 = 4*i + 5*s - 4. Determine h(i).
-4
Let n(q) = -q**3 + 5*q**2 - 4*q - 4. Let f = -4 - -4. Suppose f*c + 9 = 3*c. Suppose -c*r = r - 16. Give n(r).
-4
Let u(t) = 15 + t - 34 - 2*t + 24. What is u(3)?
2
Let i(h) = 5 - 14 + 31*h + 0*h**3 - 8*h**2 + h**3 - 22*h. Give i(7).
5
Let j(r) = 4*r - 1. Let c(g) = 5*g - 1. Let d(a) = -5*c(a) + 6*j(a). Let i(f) = f + 1. Let z(w) = 3*d(w) + 4*i(w). Determine z(1).
2
Let a(y) = 20*y**3 - y. Let h(r) = r - 11. Let t be h(10). What is a(t)?
-19
Let s(n) = -2*n. Let d = 42 + -41. Determine s(d).
-2
Let j be 2*-1 - (-3 + 7). Let z(b) = 2*b + 9. Give z(j).
-3
Let i(t) = 0 - t**3 + 3 - 4*t**2 - 3 + 5*t. What is i(-5)?
0
Let y(t) = -25*t**2 - 7*t - 4. Let v(u) = -2*u - 1. Let r(j) = 4*v(j) - y(j). What is r(-1)?
26
Let s(l) = 6*l**2 + 8*l + 7. Let j be s(-6). Suppose j - 3 = 4*u. Suppose 4*n = -3*k + 32, -2 = 5*n + 4*k - u. Let t(x) = -x + 2. What is t(n)?
-3
Let f(b) = 4*b**2 - 143*b + 67*b + 76*b. Calculate f(-1).
4
Suppose 4*l - 2 = -3*c + 8, -4*c + 22 = l. Let o(h) = h**2 - 8*h - 2. Calculate o(c).
-14
Suppose 7*n = 1 + 55. Let r(u) = -u**3 + 9*u**